
What is the millions digit of 2039235?
2
What is the tens digit of 2202792?
9
What is the ten thousands digit of 626356?
2
What is the ten thousands digit of 443990?
4
What is the units digit of 7489583?
3
What is the units digit of 3112017?
7
What is the tens digit of 2211634?
3
What is the hundred thousands digit of 499686?
4
What is the millions digit of 1101251?
1
What is the tens digit of 273132?
3
What is the hundreds digit of 118174?
1
What is the thousands digit of 2630826?
0
What is the hundreds digit of 4496379?
3
What is the hundred thousands digit of 6536759?
5
What is the hundred thousands digit of 436336?
4
What is the hundred thousands digit of 573380?
5
What is the millions digit of 2051459?
2
What is the millions digit of 7177378?
7
What is the units digit of 211429?
9
What is the ten thousands digit of 1192601?
9
What is the units digit of 560355?
5
What is the tens digit of 867822?
2
What is the ten thousands digit of 8161423?
6
What is the hundred thousands digit of 898780?
8
What is the tens digit of 608637?
3
What is the tens digit of 635950?
5
What is the hundred thousands digit of 7967643?
9
What is the units digit of 7451?
1
What is the tens digit of 381350?
5
What is the units digit of 70024?
4
What is the units digit of 1179111?
1
What is the ten thousands digit of 1122955?
2
What is the tens digit of 1088315?
1
What is the hundreds digit of 639577?
5
What is the ten thousands digit of 414661?
1
What is the tens digit of 693324?
2
What is the thousands digit of 3118324?
8
What is the thousands digit of 62181?
2
What is the thousands digit of 7080805?
0
What is the ten thousands digit of 3355971?
5
What is the ten thousands digit of 14240840?
4
What is the millions digit of 2085280?
2
What is the millions digit of 1158262?
1
What is the hundred thousands digit of 13891840?
8
What is the thousands digit of 677371?
7
What is the ten thousands digit of 525960?
2
What is the thousands digit of 247878?
7
What is the ten thousands digit of 450365?
5
What is the units digit of 8128572?
2
What is the ten thousands digit of 4065596?
6
What is the millions digit of 2777401?
2
What is the ten thousands digit of 5899571?
9
What is the tens digit of 20524143?
4
What is the hundred thousands digit of 1135333?
1
What is the thousands digit of 3877120?
7
What is the millions digit of 1357567?
1
What is the hundreds digit of 9563462?
4
What is the hundreds digit of 48774?
7
What is the hundreds digit of 5832129?
1
What is the tens digit of 3836759?
5
What is the ten thousands digit of 4000310?
0
What is the ten thousands digit of 163130?
6
What is the thousands digit of 723871?
3
What is the ten thousands digit of 229094?
2
What is the thousands digit of 323758?
3
What is the ten thousands digit of 3682267?
8
What is the ten thousands digit of 2867024?
6
What is the millions digit of 2055803?
2
What is the millions digit of 1179639?
1
What is the tens digit of 59249?
4
What is the millions digit of 1397302?
1
What is the units digit of 162793?
3
What is the units digit of 33716068?
8
What is the ten thousands digit of 20352?
2
What is the hundred thousands digit of 30500616?
5
What is the tens digit of 784784?
8
What is the millions digit of 2136163?
2
What is the units digit of 5272438?
8
What is the hundred thousands digit of 308721?
3
What is the units digit of 975?
5
What is the hundreds digit of 1065383?
3
What is the hundreds digit of 265535?
5
What is the hundred thousands digit of 162368?
1
What is the hundreds digit of 2363822?
8
What is the tens digit of 397502?
0
What is the ten thousands digit of 615454?
1
What is the millions digit of 12786708?
2
What is the ten thousands digit of 1135175?
3
What is the units digit of 963231?
1
What is the ten thousands digit of 5913320?
1
What is the units digit of 165316?
6
What is the tens digit of 466308?
0
What is the millions digit of 1091767?
1
What is the hundred thousands digit of 30636772?
6
What is the tens digit of 7868750?
5
What is the thousands digit of 446877?
6
What is the units digit of 275217?
7
What is the thousands digit of 37625?
7
What is the tens digit of 356937?
3
What is the ten thousands digit of 217748?
1
What is the hundreds digit of 8807345?
3
What is the thousands digit of 543121?
3
What is the hundred thousands digit of 20220587?
2
What is the hundreds digit of 169962?
9
What is the ten millions digit of 21148788?
2
What is the thousands digit of 1554364?
4
What is the thousands digit of 457393?
7
What is the hundred thousands digit of 4025863?
0
What is the hundreds digit of 6391916?
9
What is the ten thousands digit of 1313012?
1
What is the ten thousands digit of 773772?
7
What is the thousands digit of 149850?
9
What is the thousands digit of 82203?
2
What is the units digit of 230359?
9
What is the tens digit of 887755?
5
What is the tens digit of 130626?
2
What is the hundred thousands digit of 5931977?
9
What is the tens digit of 1089233?
3
What is the units digit of 3532559?
9
What is the millions digit of 3302540?
3
What is the hundred thousands digit of 2325556?
3
What is the thousands digit of 601361?
1
What is the millions digit of 8096569?
8
What is the thousands digit of 7914087?
4
What is the units digit of 369202?
2
What is the tens digit of 4555898?
9
What is the ten thousands digit of 5669823?
6
What is the tens digit of 663866?
6
What is the tens digit of 172633?
3
What is the units digit of 388040?
0
What is the hundreds digit of 85323?
3
What is the thousands digit of 2548964?
8
What is the hundreds digit of 423655?
6
What is the hundred thousands digit of 21974580?
9
What is the units digit of 398184?
4
What is the ten thousands digit of 5643545?
4
What is the tens digit of 5342157?
5
What is the units digit of 7687845?
5
What is the thousands digit of 28079630?
9
What is the thousands digit of 54566?
4
What is the ten thousands digit of 654107?
5
What is the tens digit of 671393?
9
What is the thousands digit of 489605?
9
What is the millions digit of 1868758?
1
What is the hundred thousands digit of 357280?
3
What is the thousands digit of 13871136?
1
What is the units digit of 426561?
1
What is the thousands digit of 9843052?
3
What is the tens digit of 397647?
4
What is the units digit of 14338256?
6
What is the tens digit of 180890?
9
What is the thousands digit of 11745194?
5
What is the units digit of 3357660?
0
What is the hundreds digit of 12494802?
8
What is the hundred thousands digit of 1182940?
1
What is the units digit of 2276046?
6
What is the hundred thousands digit of 407580?
4
What is the tens digit of 789928?
2
What is the tens digit of 541143?
4
What is the tens digit of 172153?
5
What is the ten thousands digit of 1377895?
7
What is the ten thousands digit of 23017?
2
What is the hundreds digit of 670699?
6
What is the ten millions digit of 16530763?
1
What is the hundred thousands digit of 6721378?
7
What is the ten thousands digit of 263988?
6
What is the ten thousands digit of 661471?
6
What is the tens digit of 171128?
2
What is the hundreds digit of 325065?
0
What is the thousands digit of 856309?
6
What is the units digit of 3488439?
9
What is the tens digit of 3886183?
8
What is the hundred thousands digit of 10322491?
3
What is the hundreds digit of 59634?
6
What is the ten thousands digit of 1542223?
4
What is the tens digit of 106939?
3
What is the tens digit of 1391105?
0
What is the millions digit of 1514919?
1
What is the units digit of 1389375?
5
What is the hundreds digit of 912521?
5
What is the hundred thousands digit of 12254820?
2
What is the thousands digit of 1659728?
9
What is the thousands digit of 930704?
0
What is the millions digit of 5803276?
5
What is the hundred thousands digit of 256977?
2
What is the units digit of 463875?
5
What is the hundreds digit of 254301?
3
What is the units digit of 23964558?
8
What is the tens digit of 877429?
2
What is the units digit of 31789432?
2
What is the thousands digit of 1415857?
5
What is the units digit of 13505220?
0
What is the hundred thousands digit of 636490?
6
What is the hundred thousands digit of 2451996?
4
What is the hundreds digit of 4787049?
0
What is the ten thousands digit of 140993?
4
What is the tens digit of 2064877?
7
What 